ose -3*o = -3*f + 11 + 7, -3*o + 5*f - 16 = 0. Is i(o) a prime number?
False
Let s(f) = 3137*f - 1599*f - 1585*f + 90. Is s(-13) prime?
True
Let c = 52 - 105. Let q = -53 - c. Suppose -3*g = -q*g - 363. Is g composite?
True
Is 5*(-7 - (717072/(-20) - 0)) composite?
False
Suppose -9*b = -4*b - 50. Suppose 23 = 11*l - 10. Is 4/b - ((-6348)/30 + l) a prime number?
False
Let d(v) = v**2 - 15*v + 26. Let r be d(17). Let t = -58 + r. Is 82/6 + 6 - t/3 a prime number?
True
Let g = -23 + 23. Suppose g = 4*u - 2*u - 40. Suppose -43 - u = -3*l. Is l a prime number?
False
Suppose -7*b + 4*b = 21*b - 2221224. Is b a prime number?
True
Suppose 54*i + 83*i - 75*i = 8156038. Is i a prime number?
False
Suppose -6*s = -2*s - 940. Suppose -20*f - 306 = -22*f - 3*w, -774 = -5*f - 3*w. Let j = s - f. Is j prime?
True
Let u = -1717 - -3442. Suppose -5*h + 28 = -2*a, 3*h + 2*a + 3 - 7 = 0. Suppose 263 + u = h*z. Is z a composite number?
True
Suppose 101263588 - 23946579 = 77*t. Is t a composite number?
False
Suppose -2*b = -5*k + 27322, 5*k - 3*b = 29767 - 2449. Suppose k + 7652 = 2*w. Is w a composite number?
True
Suppose 2*b + 3*c + c - 10 = 0, -12 = -4*c. Let p be b/2*(-3 - -5 - 808). Let d = p + -152. Is d prime?
True
Suppose -38*u + 5251895 + 4880755 = 313336. Is u a composite number?
False
Let k(p) = 189*p**3 - 3*p**2 + 2. Let f be k(1). Suppose -2*b = f - 5730. Is b a prime number?
False
Let l(r) = 7*r**2 - 13*r - 91. Let u be l(-6). Let q(i) = 69*i**2 + i - 4. Let d be q(3). Let m = d - u. Is m a composite number?
True
Let s(z) = -1546*z + 239. Is s(-30) prime?
True
Let r be 2/18*3*16*3. Suppose -s = -r*s + 98985. Is s a composite number?
False
Let y = 107 + -159. Let k = 62 + y. Let z(d) = 16*d + 3. Is z(k) prime?
True
Is 14 + 1 + -14 + 1*194126 composite?
True
Let m(s) be the first derivative of 5 + 15*s + 1/2*s**2 + 43/3*s**3. Is m(7) a prime number?
True
Suppose 4*j + 21 = -a, -2*j + 7*j + 22 = 3*a. Let i(p) = -p**3 - p**2 - p. Let b(t) = 4*t**3 + 4*t**2 - 6*t + 5. Let r(h) = a*b(h) + 4*i(h). Is r(-7) composite?
False
Is 2284254/81 - 3/(-9) composite?
False
Suppose -j - 3 = -l, -l + 3*l - 18 = -4*j. Suppose -w = -4*t - 1345, 0*w + j*t - 4091 = -3*w. Is w prime?
True
Let j be 165*(-4)/(-42) + (-2)/(-7). Let d be (-1 - 748)*j/(-56). Let u = d - 93. Is u composite?
True
Let g be (580/87)/((-1)/(-10932)). Let y = -5057 + g. Is y composite?
True
Let n = -20 + 23. Let a(j) = -125*j + 131*j**n - 2*j**2 - 2 + 118*j + 3. Is a(3) a prime number?
True
Let c be (-50)/(-275) - (-100340)/11. Let s = c - 4587. Is s a prime number?
False
Let v(j) = 3*j**3 + 9*j**2 + 7*j. Let h = 391 - 386. Is v(h) prime?
False
Suppose 3*w - 33937 = 2*n + 217970, -2*n = -w + 83969. Is w a prime number?
True
Let a = 199085 + -131284. Is a prime?
True
Let t(m) = m**3 - 18*m**2 + 83*m - 22. Let p be t(9). Let i(a) = -2558*a - 75. Is i(p) a composite number?
True
Is ((-5 - -11) + (953596/8)/(-1))*-2 a composite number?
True
Let d = 184 - 184. Suppose 3*t + o - 9126 = 0, 2*t - 3*o + 7*o - 6094 = d. Is t composite?
False
Is 68900 - ((2 - -2)/(-4) - 2) prime?
True
Is (15 + -9)*1531 + 11 a composite number?
True
Let t(u) = -30*u**2 - 9*u - 7. Let s(l) = -30*l**2 - 10*l - 7. Let d(z) = 3*s(z) - 4*t(z). Is d(-3) composite?
True
Suppose 11406 = 4*m + 2*d, -5*m + 2478 = -2*d - 11784. Suppose -3*y = -z + m, -4*z = z + 4*y - 14317. Is z a prime number?
True
Let r(j) = -j + 5. Let k be r(2). Suppose -3075 = -2*l - f, k*f = 5*l - 4*l - 1520. Is l a composite number?
True
Let o(f) = -3*f + 60. Let r be o(20). Suppose r*i + 9 = 4*i - 3*w, 4*i - 19 = w. Is 9644/i*(-3)/(-2) composite?
False
Let j(y) = y**3 - 7*y**2 - 18*y + 5. Let n be j(9). Suppose n = 5*a, 5*w - 5*a = -a + 6261. Let m = w + -286. Is m a prime number?
True
Is (-7)/(686/(-28)) + (-32192385)/(-21) a prime number?
False
Let y(p) = p**2 - 17*p - 218. Let g be y(-9). Is (-52)/g + 5 - (-3)/12 a composite number?
False
Let b = 171 - 172. Let n(z) = -8582*z**3 + 2*z**2 + 7*z + 4. Is n(b) composite?
False
Is 1/(-23 + 24754352/1076276) a composite number?
False
Suppose 0 = o + 3 - 8. Suppose v = c - 9, -o = -2*c + 5. Is (19340/50)/(v/(-10)) prime?
True
Suppose 0 = -3*z - 2*a + 10, 5*a = 6*z - 3*z - 17. Suppose 0 = b - 72 - z. Suppose b = 2*l + 2*l. Is l composite?
False
Let i be 4540 - ((1 - -2) + 0). Suppose 5*o - 16*d - i = -17*d, 0 = -4*o + 4*d + 3620. Is o composite?
False
Suppose -60 = -4*y - 4*i, y - i - 2 - 3 = 0. Let v be (-63)/(-15) - 4 - (-38)/y. Suppose -3*d - v*q + 6414 = -d, -5*d + 16005 = -5*q. Is d prime?
True
Let n(b) = -b**2 - 21*b + 22. Let m be ((0 - 4) + 0)*(24 + -36). Suppose -4*l = m + 36. Is n(l) prime?
False
Let h(z) = -2*z**2 + 18*z - 20. Let q be h(7). Let k be 1/((-5)/20) - q. Is (1901/(-4))/(3/k) composite?
False
Let b(a) = 5*a - 16. Let t be b(6). Suppose 13*v - t*v = -24823. Is v composite?
True
Suppose 5*x - 3*o + 109 = 8, -4*x + 4*o = 84. Let f(l) = -189*l - 34. Is f(x) prime?
True
Let v(a) = -72556*a**3 + 2*a + 1. Let o be v(-1). Suppose 11*t = -4*t + o. Is t a prime number?
False
Let o be ((-2)/6 + 1)*1218/116. Let r(l) = 5*l**3 - l**2 + 8*l + 11. Is r(o) a composite number?
False
Let r(i) = 64*i - 14. Let n(h) = h - 1. Let d(b) = 3*n(b) + r(b). Let u be d(5). Suppose u - 64 = 2*j. Is j a prime number?
True
Let f = 180261 - 52838. Is f composite?
False
Suppose 4*f + 3*x = -71, -4*x - 11 = 3*f + 51. Let n be -2*(-2)/f + (-161)/(-49). Suppose -n*w + 99 + 3660 = 0. Is w a prime number?
False
Let h be (0/(-1 + -3))/(-1). Suppose -5*q + 5*z - 3*z = -220, h = -4*q + 5*z + 159. Let m = q + 312. Is m prime?
False
Suppose 2*v - 224 = 3*i, -3*v + 366*i - 362*i + 338 = 0. Is v composite?
True
Let a be (-3)/7 - 2*156/56. Let g be 3/a*(-2)/(-1). Is (5/15)/(1/(-267)*g) a composite number?
False
Let p(w) be the first derivative of 10*w**3/3 - 2*w**2 - 6*w - 14. Let o be p(-6). Let t = 645 - o. Is t a prime number?
False
Let i(d) = 790*d + 1. Let u(c) = -3161*c - 3. Let w(z) = 9*i(z) + 2*u(z). Is w(5) a prime number?
True
Let j(p) = -381*p + 104. Let f(c) = 191*c - 52. Let b(l) = 7*f(l) + 4*j(l). Is b(-7) a composite number?
False
Let m(y) = 2*y**3 + y**2 + 4*y + 9770. Let w be m(0). Suppose 4*c + u = -0*u + 7833, -3*u = -5*c + w. Is c prime?
False
Suppose 0 = 2*m + 3*w - 238331, 83*w - 86*w = -2*m + 238337. Is m prime?
False
Suppose 0 = -v - 2*f + 18, -5*f + 0*f - 120 = -5*v. Let i = -24 + v. Is 20 + (i - 1 - -2) prime?
True
Let z(a) = 14*a**3 + a**2 + a + 31. Let t be z(5). Let p = t - 1017. Is p a prime number?
False
Let a be ((-2026)/8 + 1)*1064/266. Let f be 2/(-9) + 5128/(-9). Let m = f - a. Is m a prime number?
True
Let p be (-50)/30*5619 + (1 - -1). Let t = 14440 + p. Is t a composite number?
False
Is -5 - (16/(-10))/((-6)/(-577470)) a prime number?
False
Let w(f) = 3*f + 13. Let t be w(-6). Is (-38638)/t + 15/(-25) a prime number?
True
Let z = -33 - -57. Suppose 0 = 11*p - 3*p + z. Is (-3)/(-2)*((-97)/(-3) - p) prime?
True
Is (690838 - 8) + (31 - 22) prime?
True
Let j(s) = 27593*s - 1327. Is j(10) a composite number?
True
Suppose -4*l = -5*p + 68, 0*l + 3*p = l + 24. Let c be (-1)/((1/(-4))/(l/24)). Is (c - (-152)/(-3))*(-6)/4 a composite number?
False
Suppose -71016 - 178255 + 309 = -14*q. Is q a composite number?
False
Let b be (3 + -2 + -1)/(-1). Suppose b = -m + 2, 0 = 4*w - w + 5*m - 67. Suppose w*t = 16*t + 6693. Is t prime?
False
Let x be (-1)/(4/(-8)) - 4/(-2). Suppose -6962 = -2*t - x*j, 3*t - 5*j - 3502 = 2*t. Is t a composite number?
True
Suppose -65 = 5*j - 35. Let p(t) = 3*t**3 - 9*t**2 - 2*t + 3. Let w(a) = 2*a**3 - 8*a**2 - 3*a + 2. Let z(k) = j*w(k) + 5*p(k). Is z(6) prime?
False
Let t be (-3)/(-2 - -8)*-4. Suppose t*y + y = 729. Suppose -2*q + 155 = -y. Is q prime?
True
Suppose 10 = -s + 6*s. Suppose 3 + 9 = -s*w. Is (w/4)/(15/(-6910)) composite?
False
Let q = 12651 + 11330. Is q a prime number?
True
Suppose -4*g - 751770 = -3*f - 7*g, 4*g = 3*f - 751805. Is f a composite number?
True
Let w(z) = 6839*z + 10. Let j be w(-14). Is (j/36)/((-1)/(-3) - 1) a composite number?
False
Suppose -y - 1742 - 1262 = 0. Let f = 7497 + y. Is f composite?
False
Let f = -1094 + 2731. Is f prime?
True
Let n(t) = -35*t + 249. Let r be n(7). Suppose 5*d + r*o = 24433, 12*d - 2*o - 4895 = 11*d. Is d a prime number?
True
L